{"id":176,"date":"2026-03-18T12:21:37","date_gmt":"2026-03-18T11:21:37","guid":{"rendered":"https:\/\/clk-udlejning.dk\/?post_type=product&#038;p=176"},"modified":"2026-03-22T18:53:44","modified_gmt":"2026-03-22T17:53:44","slug":"rotationslaser","status":"publish","type":"product","link":"https:\/\/clk-udlejning.dk\/index.php\/vare\/rotationslaser\/","title":{"rendered":"Rotationslaser"},"content":{"rendered":"<h3 data-section-id=\"1hu06a3\" data-start=\"138\" data-end=\"182\"><strong data-start=\"142\" data-end=\"182\">Rotationslaser \u2013 Geo Fennel til leje<\/strong><\/h3>\n<p data-start=\"184\" data-end=\"404\">Har du brug for pr\u00e6cise m\u00e5linger og helt lige niveauer til dit projekt? En Geo Fennel rotationslaser er det perfekte v\u00e6rkt\u00f8j til b\u00e5de g\u00f8r-det-selv projekter og professionelle opgaver \u2013 is\u00e6r til brol\u00e6gning og havearbejde.<\/p>\n<h4 data-start=\"448\" data-end=\"486\"><strong data-start=\"453\" data-end=\"486\">Fordele ved rotationslaseren:<\/strong><\/h4>\n<ul data-start=\"487\" data-end=\"697\">\n<li data-section-id=\"126ju1j\" data-start=\"487\" data-end=\"527\">\n<p data-start=\"489\" data-end=\"527\">\u2714 H\u00f8j pr\u00e6cision og stabil laserlinje<\/p>\n<\/li>\n<li data-section-id=\"19xivyi\" data-start=\"528\" data-end=\"582\">\n<p data-start=\"530\" data-end=\"582\">\u2714 Perfekt til b\u00e5de haveprojekter og st\u00f8rre opgaver<\/p>\n<\/li>\n<li data-section-id=\"9eae2m\" data-start=\"583\" data-end=\"621\">\n<p data-start=\"585\" data-end=\"621\">\u2714 360\u00b0 rotation giver fuld d\u00e6kning<\/p>\n<\/li>\n<li data-section-id=\"1gnso6z\" data-start=\"622\" data-end=\"668\">\n<p data-start=\"624\" data-end=\"668\">\u2714 Nem ops\u00e6tning og brug \u2013 ogs\u00e5 for private<\/p>\n<\/li>\n<li data-section-id=\"po9i3u\" data-start=\"669\" data-end=\"697\">\n<p data-start=\"671\" data-end=\"697\">\u2714 Robust og driftssikker<\/p>\n<\/li>\n<\/ul>\n<h4 data-start=\"806\" data-end=\"826\"><strong data-start=\"811\" data-end=\"826\">Anvendelse:<\/strong><\/h4>\n<p data-start=\"827\" data-end=\"969\">Rotationslaseren g\u00f8r det nemt at sikre korrekt h\u00f8jde og fald \u2013 fx ved l\u00e6gning af fliser, etablering af terrasse eller nivellering af underlag.<\/p>\n<h4 data-start=\"971\" data-end=\"993\"><strong data-start=\"976\" data-end=\"993\">Velegnet til:<\/strong><\/h4>\n<ul data-start=\"994\" data-end=\"1109\">\n<li data-section-id=\"o7psrz\" data-start=\"994\" data-end=\"1026\">\n<p data-start=\"996\" data-end=\"1026\">Flise- og brol\u00e6gningsopgaver<\/p>\n<\/li>\n<li data-section-id=\"1h6m7pp\" data-start=\"1027\" data-end=\"1054\">\n<p data-start=\"1029\" data-end=\"1054\">Terrasser og indk\u00f8rsler<\/p>\n<\/li>\n<li data-section-id=\"1n28049\" data-start=\"1055\" data-end=\"1081\">\n<p data-start=\"1057\" data-end=\"1081\">Have- og anl\u00e6gsarbejde<\/p>\n<\/li>\n<li data-section-id=\"lnr15k\" data-start=\"1082\" data-end=\"1109\">\n<p data-start=\"1084\" data-end=\"1109\">Nivellering og opm\u00e5ling<\/p>\n<\/li>\n<\/ul>\n<p data-start=\"184\" data-end=\"404\">\n","protected":false},"excerpt":{"rendered":"<p>Rotationslaser \u2013 Geo Fennel til leje Har du brug for pr\u00e6cise m\u00e5linger og helt lige niveauer til dit projekt? En Geo Fennel rotationslaser er det perfekte v\u00e6rkt\u00f8j til b\u00e5de g\u00f8r-det-selv projekter og professionelle opgaver \u2013 is\u00e6r til brol\u00e6gning og havearbejde. Fordele ved rotationslaseren: \u2714 H\u00f8j pr\u00e6cision og stabil laserlinje \u2714 Perfekt til b\u00e5de haveprojekter og [&hellip;]<\/p>\n","protected":false},"featured_media":165,"template":"","meta":[],"product_brand":[],"product_cat":[32],"product_tag":[],"class_list":{"0":"post-176","1":"product","2":"type-product","3":"status-publish","4":"has-post-thumbnail","6":"product_cat-brolaegning","8":"first","9":"instock","10":"taxable","11":"shipping-taxable","12":"purchasable","13":"product-type-redq_rental"},"_links":{"self":[{"href":"https:\/\/clk-udlejning.dk\/index.php\/wp-json\/wp\/v2\/product\/176","targetHints":{"allow":["GET"]}}],"collection":[{"href":"https:\/\/clk-udlejning.dk\/index.php\/wp-json\/wp\/v2\/product"}],"about":[{"href":"https:\/\/clk-udlejning.dk\/index.php\/wp-json\/wp\/v2\/types\/product"}],"wp:featuredmedia":[{"embeddable":true,"href":"https:\/\/clk-udlejning.dk\/index.php\/wp-json\/wp\/v2\/media\/165"}],"wp:attachment":[{"href":"https:\/\/clk-udlejning.dk\/index.php\/wp-json\/wp\/v2\/media?parent=176"}],"wp:term":[{"taxonomy":"product_brand","embeddable":true,"href":"https:\/\/clk-udlejning.dk\/index.php\/wp-json\/wp\/v2\/product_brand?post=176"},{"taxonomy":"product_cat","embeddable":true,"href":"https:\/\/clk-udlejning.dk\/index.php\/wp-json\/wp\/v2\/product_cat?post=176"},{"taxonomy":"product_tag","embeddable":true,"href":"https:\/\/clk-udlejning.dk\/index.php\/wp-json\/wp\/v2\/product_tag?post=176"}],"curies":[{"name":"wp","href":"https:\/\/api.w.org\/{rel}","templated":true}]}}