{"id":180,"date":"2026-03-18T12:35:41","date_gmt":"2026-03-18T11:35:41","guid":{"rendered":"https:\/\/clk-udlejning.dk\/?post_type=product&#038;p=180"},"modified":"2026-03-22T18:52:55","modified_gmt":"2026-03-22T17:52:55","slug":"siloklo","status":"publish","type":"product","link":"https:\/\/clk-udlejning.dk\/index.php\/vare\/siloklo\/","title":{"rendered":"Siloklo"},"content":{"rendered":"<h3 data-section-id=\"x5ayc\" data-start=\"79\" data-end=\"119\"><strong data-start=\"83\" data-end=\"119\">Siloklo til minil\u00e6sser<\/strong><\/h3>\n<p data-start=\"121\" data-end=\"321\">Har du brug for effektiv h\u00e5ndtering af gr\u00e6s, ensilage eller andet l\u00f8st materiale? En siloklo til minil\u00e6sser er det perfekte redskab, n\u00e5r du skal l\u00e6sse, flytte og fordele materialer hurtigt og sikkert.<\/p>\n<h4 data-start=\"365\" data-end=\"394\"><strong data-start=\"370\" data-end=\"394\">Fordele ved siloklo:<\/strong><\/h4>\n<ul data-start=\"395\" data-end=\"581\">\n<li data-section-id=\"x6h5y0\" data-start=\"395\" data-end=\"456\">\n<p data-start=\"397\" data-end=\"456\">\u2714 Effektiv h\u00e5ndtering af ensilage, gr\u00e6s og l\u00f8st materiale<\/p>\n<\/li>\n<li data-section-id=\"n1k64s\" data-start=\"457\" data-end=\"500\">\n<p data-start=\"459\" data-end=\"500\">\u2714 Giver et godt greb og minimerer spild<\/p>\n<\/li>\n<li data-section-id=\"853dhi\" data-start=\"501\" data-end=\"547\">\n<p data-start=\"503\" data-end=\"547\">\u2714 Robust konstruktion til kr\u00e6vende opgaver<\/p>\n<\/li>\n<li data-section-id=\"1epkfj2\" data-start=\"548\" data-end=\"581\">\n<p data-start=\"550\" data-end=\"581\">\u2714 Nem montering p\u00e5 minil\u00e6sser<\/p>\n<\/li>\n<\/ul>\n<h4 data-start=\"583\" data-end=\"603\"><strong data-start=\"588\" data-end=\"603\">Anvendelse:<\/strong><\/h4>\n<p data-start=\"604\" data-end=\"730\">Silokloen bruges til at gribe og flytte st\u00f8rre m\u00e6ngder l\u00f8st materiale \u2013 ideel til b\u00e5de landbrug og st\u00f8rre have-\/anl\u00e6gsopgaver.<\/p>\n<h4 data-start=\"732\" data-end=\"754\"><strong data-start=\"737\" data-end=\"754\">Velegnet til:<\/strong><\/h4>\n<ul data-start=\"755\" data-end=\"859\">\n<li data-section-id=\"1ev0n5q\" data-start=\"755\" data-end=\"775\">\n<p data-start=\"757\" data-end=\"775\">Ensilage og gr\u00e6s<\/p>\n<\/li>\n<li data-section-id=\"1iw72ll\" data-start=\"776\" data-end=\"799\">\n<p data-start=\"778\" data-end=\"799\">Haveaffald og grene<\/p>\n<\/li>\n<li data-section-id=\"1737gzw\" data-start=\"800\" data-end=\"829\">\n<p data-start=\"802\" data-end=\"829\">Kompost og l\u00f8st materiale<\/p>\n<\/li>\n<li data-section-id=\"1c97ofd\" data-start=\"830\" data-end=\"859\">\n<p data-start=\"832\" data-end=\"859\">Oprydning og l\u00e6sseopgaver<\/p>\n<\/li>\n<\/ul>\n","protected":false},"excerpt":{"rendered":"<p>Siloklo til minil\u00e6sser Har du brug for effektiv h\u00e5ndtering af gr\u00e6s, ensilage eller andet l\u00f8st materiale? En siloklo til minil\u00e6sser er det perfekte redskab, n\u00e5r du skal l\u00e6sse, flytte og fordele materialer hurtigt og sikkert. Fordele ved siloklo: \u2714 Effektiv h\u00e5ndtering af ensilage, gr\u00e6s og l\u00f8st materiale \u2714 Giver et godt greb og minimerer spild [&hellip;]<\/p>\n","protected":false},"featured_media":166,"template":"","meta":[],"product_brand":[],"product_cat":[39],"product_tag":[],"class_list":{"0":"post-180","1":"product","2":"type-product","3":"status-publish","4":"has-post-thumbnail","6":"product_cat-redskaber-laessemaskiner","8":"first","9":"instock","10":"taxable","11":"shipping-taxable","12":"purchasable","13":"product-type-redq_rental"},"_links":{"self":[{"href":"https:\/\/clk-udlejning.dk\/index.php\/wp-json\/wp\/v2\/product\/180","targetHints":{"allow":["GET"]}}],"collection":[{"href":"https:\/\/clk-udlejning.dk\/index.php\/wp-json\/wp\/v2\/product"}],"about":[{"href":"https:\/\/clk-udlejning.dk\/index.php\/wp-json\/wp\/v2\/types\/product"}],"wp:featuredmedia":[{"embeddable":true,"href":"https:\/\/clk-udlejning.dk\/index.php\/wp-json\/wp\/v2\/media\/166"}],"wp:attachment":[{"href":"https:\/\/clk-udlejning.dk\/index.php\/wp-json\/wp\/v2\/media?parent=180"}],"wp:term":[{"taxonomy":"product_brand","embeddable":true,"href":"https:\/\/clk-udlejning.dk\/index.php\/wp-json\/wp\/v2\/product_brand?post=180"},{"taxonomy":"product_cat","embeddable":true,"href":"https:\/\/clk-udlejning.dk\/index.php\/wp-json\/wp\/v2\/product_cat?post=180"},{"taxonomy":"product_tag","embeddable":true,"href":"https:\/\/clk-udlejning.dk\/index.php\/wp-json\/wp\/v2\/product_tag?post=180"}],"curies":[{"name":"wp","href":"https:\/\/api.w.org\/{rel}","templated":true}]}}